{"id":29,"date":"2021-11-04T05:43:37","date_gmt":"2021-11-04T03:43:37","guid":{"rendered":"https:\/\/eimpuls.ro\/about\/"},"modified":"2021-11-07T05:34:46","modified_gmt":"2021-11-07T03:34:46","slug":"despre-noi","status":"publish","type":"page","link":"https:\/\/eimpuls.ro\/?page_id=29","title":{"rendered":"Despre noi"},"content":{"rendered":"\n\n\n\n\n\n\n\n\n\n\n<h2>Despre noi<br><\/h2>\n\n<p style=\"text-align: left\">IMPULS TV este o televiziune de pres\u0103 local\u0103 \u00eenfiin\u021bat\u0103 \u00een anul 2011, \u00een prezent ofer\u0103 servicii de informare a publicului in c\u00e2teva localit\u0103\u021bi rurale si orase din Romania.<\/p>\n\n\n\n\n<h2>Infrastuctur\u0103 \u0219i management de calitate<\/h2>\n\n\n\n<p><br><\/p>\n\n\n<p><br><\/p>\n\n\n<p><br><\/p>\n\n\n\n\n<p><br><\/p>\n\n\n<p><br><\/p>\n\n\n<p><br><\/p>\n\n\n\n\n","protected":false},"excerpt":{"rendered":"","protected":false},"author":1,"featured_media":0,"parent":0,"menu_order":0,"comment_status":"closed","ping_status":"closed","template":"","meta":{"footnotes":""},"class_list":["post-29","page","type-page","status-publish","hentry"],"_links":{"self":[{"href":"https:\/\/eimpuls.ro\/index.php?rest_route=\/wp\/v2\/pages\/29","targetHints":{"allow":["GET"]}}],"collection":[{"href":"https:\/\/eimpuls.ro\/index.php?rest_route=\/wp\/v2\/pages"}],"about":[{"href":"https:\/\/eimpuls.ro\/index.php?rest_route=\/wp\/v2\/types\/page"}],"author":[{"embeddable":true,"href":"https:\/\/eimpuls.ro\/index.php?rest_route=\/wp\/v2\/users\/1"}],"replies":[{"embeddable":true,"href":"https:\/\/eimpuls.ro\/index.php?rest_route=%2Fwp%2Fv2%2Fcomments&post=29"}],"version-history":[{"count":15,"href":"https:\/\/eimpuls.ro\/index.php?rest_route=\/wp\/v2\/pages\/29\/revisions"}],"predecessor-version":[{"id":146,"href":"https:\/\/eimpuls.ro\/index.php?rest_route=\/wp\/v2\/pages\/29\/revisions\/146"}],"wp:attachment":[{"href":"https:\/\/eimpuls.ro\/index.php?rest_route=%2Fwp%2Fv2%2Fmedia&parent=29"}],"curies":[{"name":"wp","href":"https:\/\/api.w.org\/{rel}","templated":true}]}}