{"id":27,"date":"2021-11-04T02:50:33","date_gmt":"2021-11-04T00:50:33","guid":{"rendered":"https:\/\/eimpuls.ro\/contact\/"},"modified":"2024-02-23T06:26:57","modified_gmt":"2024-02-23T04:26:57","slug":"contact","status":"publish","type":"page","link":"https:\/\/eimpuls.ro\/?page_id=27","title":{"rendered":"Contact"},"content":{"rendered":"\n\n\n<h6>Impuls TV este televiziunea de\u021binut\u0103 de S.C. IMPULS CONSTRUCT SRL S.R.L.\n De\u021bin\u0103toarea licen\u021bei audiovizuale este societatea S.C. IMPULS \nCONSTRUCT S.R.L., ai c\u0103rei ac\u021bionari sunt: Dna. T\u0103nase Diana \u2013 56%, D<span style=\"background-color:#000000;\"><\/span>l. \nT\u0103nase Jan &#8211; 22%, Dl. Pan\u0103 Ion &#8211; 22% din capitalul social. Sediul Impuls\n TV este situat \u00een Fierbinti-T\u00e2rg, Ialomita, Calea Urziceni 10, 927115 \nRom\u00e2nia, fiind reprezentat\u0103 legal de c\u0103tre Dl. Tanase Jan &#8211; \nAdministrator. Responsabilitatea pentru con\u021binutul editorial fiind \nasigurat\u0103 de c\u0103tre Dl. Tanase Jan.<\/h6>\n<h6>Autoritatea de reglementare \u00een domeniul programelor audiovizuale este \nasigurat\u0103 de c\u0103tre CONSILIUL NA\u021aIONAL AL AUDIOVIZUALULUI \u2014 CNA Adresa: \nBd. Libert\u0103\u021bii nr.14, sector 5, cod 050706, Bucure\u0219ti, ROM\u00c2NIA Tel: +40 \n(0)21 305 5350 Fax: +40 (0)21 305 5354\/56, www.cna.ro.<\/h6>\n\n\n\n\n\n\n\n\n<a href=\"www.cna.ro\">www.cna.ro<\/a> <br>\nBd. Libertatii nr.14, sector 5, cod 050706, Bucuresti, ROM\u00c2NIA\n\n\n\n\n\n\n\nIMPULS CONSTRUCT SRL<br>Adres\u0103 sediu social: Fierbinti-T\u00e2rg, Ialomita,<br>Calea Urziceni 10, 927115<br>\nContacte firma : 0243 280 464<br>\nAC\u0162IONARI PERSOANE FIZICE :<br><div>\nT\u0102NASE DIANA, T\u0102NASE JAN, PAN\u0102 ION<br><\/div>\n\n\n\n\n\n\n\nT\u0103nase Jan &#8211; director executiv<br>&nbsp;Pan\u0103 Ion &#8211; director editorial<br>\n T\u0103nase Diana &#8211; redactor \u0219ef <br>\n\n\n\n\n\n\n\n\n<h2>Contacteaz\u0103-ne<\/h2>\n\n\n\n\n\n\n\n\n\n\n\n\n\n\n\nIMPULS CONSTRUCT SRL\n\n\n\n","protected":false},"excerpt":{"rendered":"","protected":false},"author":0,"featured_media":0,"parent":0,"menu_order":0,"comment_status":"closed","ping_status":"closed","template":"","meta":{"footnotes":""},"class_list":["post-27","page","type-page","status-publish","hentry"],"_links":{"self":[{"href":"https:\/\/eimpuls.ro\/index.php?rest_route=\/wp\/v2\/pages\/27","targetHints":{"allow":["GET"]}}],"collection":[{"href":"https:\/\/eimpuls.ro\/index.php?rest_route=\/wp\/v2\/pages"}],"about":[{"href":"https:\/\/eimpuls.ro\/index.php?rest_route=\/wp\/v2\/types\/page"}],"replies":[{"embeddable":true,"href":"https:\/\/eimpuls.ro\/index.php?rest_route=%2Fwp%2Fv2%2Fcomments&post=27"}],"version-history":[{"count":36,"href":"https:\/\/eimpuls.ro\/index.php?rest_route=\/wp\/v2\/pages\/27\/revisions"}],"predecessor-version":[{"id":214,"href":"https:\/\/eimpuls.ro\/index.php?rest_route=\/wp\/v2\/pages\/27\/revisions\/214"}],"wp:attachment":[{"href":"https:\/\/eimpuls.ro\/index.php?rest_route=%2Fwp%2Fv2%2Fmedia&parent=27"}],"curies":[{"name":"wp","href":"https:\/\/api.w.org\/{rel}","templated":true}]}}